{"id":1631,"date":"2016-08-07T18:11:11","date_gmt":"2016-08-07T15:11:11","guid":{"rendered":"http:\/\/insanveinsan.org\/?page_id=1631"},"modified":"2019-01-30T13:51:47","modified_gmt":"2019-01-30T11:51:47","slug":"sayi-9-yaz-2016","status":"publish","type":"page","link":"https:\/\/www.insanveinsan.org\/en\/sayi-9-yaz-2016\/","title":{"rendered":"Issue 9, Summer 2016"},"content":{"rendered":"<p><\/p>\n<table bgcolor=\"transparent\">\n<tbody>\n<tr>\n<td style=\"border-bottom: 1px dashed gray;\"><span style=\"color: default; font: 15px Trajan pro,arial,sans-serift;\">Y\u0131l 3, Say\u0131 9, Yaz 2016<\/span><\/td>\n<td style=\"text-align: right; border-bottom: 1px dashed gray; margin-top: -4%; margin-bottom: -0.8%;\">ISSN: 2148-7537<\/td>\n<\/tr>\n<\/tbody>\n<\/table>\n<table bgcolor=\"transparent\">\n<tbody>\n<tr>\n<td width=\"85%\"><span style=\"color: default; font: 15px Trajan pro,arial,sans-serift;\">Makaleler<br \/>\nArticles<\/span><\/td>\n<td width=\"15%\"><\/td>\n<\/tr>\n<tr>\n<td width=\"85%\"><span style=\"color: default; font: 17px Trajan pro,arial,sans-serift;\"> Ebubekir Ayan <\/span><\/p>\n<p><a title=\"Osmanl\u0131 D\u00f6neminde Kocaeli Sanayiinin Tarihi Geli\u015fimi ve Osmanl\u0131\u2019da Sanayile\u015fme \u00c7abalar\u0131n\u0131n Analizi\" href=\"http:\/\/insanveinsan.org\/osmanli-doneminde-kocaeli-sanayiinin-tarihi-gelisimi-ve-osmanlida-sanayilesme-cabalarinin-analizi\/\"><span style=\"text-decoration: none; font: italic 17px minion pro,arial,sans-serif;\">Osmanl\u0131 D\u00f6neminde Kocaeli Sanayiinin Tarihi Geli\u015fimi ve Osmanl\u0131\u2019da Sanayile\u015fme \u00c7abalar\u0131n\u0131n Analizi<\/span><\/a><\/p>\n<p><a title=\"Historical Development of Kocaeli Industry in the Ottoman Period and An Analysis of the Ottoman Industrialization Efforts\" href=\"http:\/\/insanveinsan.org\/en\/osmanli-doneminde-kocaeli-sanayiinin-tarihi-gelisimi-ve-osmanlida-sanayilesme-cabalarinin-analizi\/\"> <span style=\"text-decoration: none; font-variant: normal; font-weight: normal; font-stretch: normal; font-size: 17px; line-height: normal; font-family: 'minion pro', arial, sans-serif;\">Historical Development of Kocaeli Industry in the Ottoman Period and An Analysis of the Ottoman Industrialization Efforts<\/span><\/a><\/td>\n<td style=\"text-align: right; vertical-align: middle;\" bgcolor=\"transparent\"><a title=\"Historical Development of Kocaeli Industry in the Ottoman Period and An Analysis of the Ottoman Industrialization Efforts\" href=\"http:\/\/insanveinsan.org\/en\/osmanli-doneminde-kocaeli-sanayiinin-tarihi-gelisimi-ve-osmanlida-sanayilesme-cabalarinin-analizi\/\"><span style=\"color: default; font: 38px Trajan pro,arial,sans-serift;\">5<\/span><\/a><\/td>\n<\/tr>\n<tr>\n<td bgcolor=\"transparent\" width=\"85%\"><span style=\"color: default; font: 17px Trajan pro,arial,sans-serift;\"> Filiz Aydo\u011fan Boschele \/ Aysel Ay <\/span><\/p>\n<p><a title=\"\u00c7okk\u00fclt\u00fcrl\u00fcl\u00fck Ba\u011flam\u0131nda T\u00fcrkiye\u2019de \u00c7okk\u00fclt\u00fcrc\u00fc Medya ve TRT K\u00fcrdi\" href=\"http:\/\/insanveinsan.org\/cokkulturluluk-baglaminda-turkiyede-cokkulturcu-medya-ve-trt-kurdi\"><span style=\"text-decoration: none; font: italic 17px minion pro,arial,sans-serif;\">\u00c7okk\u00fclt\u00fcrl\u00fcl\u00fck Ba\u011flam\u0131nda T\u00fcrkiye\u2019de \u00c7okk\u00fclt\u00fcrc\u00fc Medya ve TRT K\u00fcrdi<\/span><\/a><\/p>\n<p><a title=\"Multiculturalist Media and TRT Kurdi in Turkey in the Contex of Multiculturalism\" href=\"http:\/\/insanveinsan.org\/en\/cokkulturluluk-baglaminda-turkiyede-cokkulturcu-medya-ve-trt-kurdi\"> <span style=\"text-decoration: none; font-variant: normal; font-weight: normal; font-stretch: normal; font-size: 17px; line-height: normal; font-family: 'minion pro', arial, sans-serif;\">Multiculturalist Media and TRT Kurdi in Turkey in the Contex of Multiculturalism<\/span><\/a><\/td>\n<td style=\"text-align: right; vertical-align: middle;\" bgcolor=\"transparent\"><a title=\"Multiculturalist Media and TRT Kurdi in Turkey in the Contex of Multiculturalism\" href=\"http:\/\/insanveinsan.org\/en\/cokkulturluluk-baglaminda-turkiyede-cokkulturcu-medya-ve-trt-kurdi\"><span style=\"color: default; font: 38px Trajan pro,arial,sans-serift;\">36<\/span><\/a><\/td>\n<\/tr>\n<tr>\n<td bgcolor=\"transparent\" width=\"85%\"><span style=\"color: default; font: 17px Trajan pro,arial,sans-serift;\">Mehmet B\u00fcy\u00fckaf\u015far<\/span><\/p>\n<p><a title=\"T\u00fcrk Spor Bas\u0131n\u0131nda Cinsiyet Ayr\u0131mc\u0131l\u0131\u011f\u0131: Fotoma\u00e7 ve Fanatik Gazeteleri \u00d6rne\u011fi\" href=\"http:\/\/insanveinsan.org\/turk-spor-basininda-cinsiyet-ayrimciligi-fotomac-ve-fanatik-gazeteleri-ornegi\/\"><span style=\"text-decoration: none; font: italic 17px minion pro,arial,sans-serif;\">T\u00fcrk Spor Bas\u0131n\u0131nda Cinsiyet Ayr\u0131mc\u0131l\u0131\u011f\u0131: Fotoma\u00e7 ve Fanatik Gazeteleri \u00d6rne\u011fi<\/span><\/a><\/p>\n<p><a title=\"Gender Discrimination in Turkish Sport Press: A Case Study on Fotoma\u00e7 and Fanatik Newspapers\" href=\"http:\/\/insanveinsan.org\/en\/turk-spor-basininda-cinsiyet-ayrimciligi-fotomac-ve-fanatik-gazeteleri-ornegi\/\"> <span style=\"text-decoration: none; font-variant: normal; font-weight: normal; font-stretch: normal; font-size: 17px; line-height: normal; font-family: 'minion pro', arial, sans-serif;\">Gender Discrimination in Turkish Sport Press: A Case Study on Fotoma\u00e7 and Fanatik Newspapers<\/span><\/a><\/td>\n<td style=\"text-align: right; vertical-align: middle;\" bgcolor=\"transparent\"><a title=\"Gender Discrimination in Turkish Sport Press: A Case Study on Fotoma\u00e7 and Fanatik Newspapers\" href=\"http:\/\/insanveinsan.org\/en\/turk-spor-basininda-cinsiyet-ayrimciligi-fotomac-ve-fanatik-gazeteleri-ornegi\/\"><span style=\"color: default; font: 38px Trajan pro,arial,sans-serift;\">53<\/span><\/a><\/td>\n<\/tr>\n<tr>\n<td bgcolor=\"transparent\" width=\"85%\"><span style=\"color: default; font: 17px Trajan pro,arial,sans-serift;\">Olkan Senemo\u011flu<\/span><\/p>\n<p><a title=\"Machiavelli\u2019den Hobbes\u2019a R\u00f6nesans D\u00f6nemi Siyaset Teorisinde \u0130nsan Do\u011fas\u0131 ve Toplum Anlay\u0131\u015f\u0131\" href=\"http:\/\/insanveinsan.org\/machiavelliden-hobbesa-ronesans-donemi-siyaset-teorisinde-insan-dogasi-ve-toplum-anlayisi\/\"><span style=\"text-decoration: none; font: italic 17px minion pro,arial,sans-serif;\">Machiavelli\u2019den Hobbes\u2019a R\u00f6nesans D\u00f6nemi Siyaset Teorisinde \u0130nsan Do\u011fas\u0131 ve Toplum Anlay\u0131\u015f\u0131<\/span><\/a><\/p>\n<p><a title=\"The Human Nature and the Notion of Society in Renaissance Political Theory: From Machiavelli to Hobbes\" href=\"http:\/\/insanveinsan.org\/en\/machiavelliden-hobbesa-ronesans-donemi-siyaset-teorisinde-insan-dogasi-ve-toplum-anlayisi\/\"> <span style=\"text-decoration: none; font-variant: normal; font-weight: normal; font-stretch: normal; font-size: 17px; line-height: normal; font-family: 'minion pro', arial, sans-serif;\">The Human Nature and the Notion of Society in Renaissance Political Theory: From Machiavelli to Hobbes<\/span><\/a><\/td>\n<td style=\"text-align: right; vertical-align: middle;\" bgcolor=\"transparent\"><a title=\"The Human Nature and the Notion of Society in Renaissance Political Theory: From Machiavelli to Hobbes\" href=\"http:\/\/insanveinsan.org\/en\/machiavelliden-hobbesa-ronesans-donemi-siyaset-teorisinde-insan-dogasi-ve-toplum-anlayisi\/\"><span style=\"color: default; font: 38px Trajan pro,arial,sans-serift;\">77<\/span><\/a><\/td>\n<\/tr>\n<\/tbody>\n<\/table>\n<table bgcolor=\"transparent\">\n<tbody>\n<tr>\n<td style=\"border-bottom: 1px dashed gray;\"><\/td>\n<\/tr>\n<\/tbody>\n<\/table>\n<p><img loading=\"lazy\" decoding=\"async\" class=\"alignnone wp-image-119 size-full\" src=\"..\/wp-content\/uploads\/pdf-e1407190133528.png\" alt=\"\" width=\"50\" height=\"50\" \/><br \/>\n<span style=\"text-decoration: none; font-variant: normal; font-weight: normal; font-stretch: normal; font-size: 15px; line-height: normal; font-family: 'minion pro', arial, sans-serif;\">Year 3, Issue 9, Summer 2016<br \/>\nTam metin \/ Full text<\/span><\/p>\n<p><span style=\"text-decoration: none; font-variant: normal; font-weight: normal; font-stretch: normal; font-size: 15px; line-height: normal; font-family: 'minion pro', arial, sans-serif;\"><a rel=\"license\" href=\"http:\/\/creativecommons.org\/licenses\/by-nc\/4.0\/\"><img decoding=\"async\" alt=\"Creative Commons License\" style=\"border-width:0\" src=\"https:\/\/i.creativecommons.org\/l\/by-nc\/4.0\/80x15.png\" \/><\/a><br \/>This work is licensed under a <a rel=\"license\" href=\"http:\/\/creativecommons.org\/licenses\/by-nc\/4.0\/\">Creative Commons Attribution-NonCommercial 4.0 International License<\/a>.<\/span><\/p>\n<div style=\"width: 240px;\">\n <span style=\"text-decoration: none; font-variant: normal; font-weight: normal; font-stretch: normal; font-size: 15px; line-height: normal; font-family: 'minion pro', arial, sans-serif;\"><\/p>\n<div style=\"float: left; width: 20px;\"><i class=\"fa fa-eye\" aria-hidden=\"true\"><\/i><\/span><\/div>\n<p> <span style=\"text-decoration: none; font-variant: normal; font-weight: normal; font-stretch: normal; font-size: 15px; line-height: normal; font-family: 'minion pro', arial, sans-serif;\"><\/p>\n<div style=\"float: left; width: 50px;\">[post-views]<\/div>\n<p><\/span><\/p>\n<div style=\"float: left; width: 20px;\"><i class=\"fa fa-download\" aria-hidden=\"true\"><\/i><\/div>\n<div style=\"float: left; width: 150px;\"><span style=\"text-decoration: none; font-variant: normal; font-weight: normal; font-stretch: normal; font-size: 15px; line-height: normal; font-family: 'minion pro', arial, sans-serif;\"><div class=\"sdm_download_count\"><span class=\"sdm_count_number\">843<\/span><span class=\"sdm_count_string\"> Downloads<\/span><\/div><\/span><\/div>\n<p> <br style=\"clear: left;\" \/>\n<\/div>\n<div class=\"sdm_download_button_box_default\"><div class=\"sdm_download_link\"><a href=\"https:\/\/www.insanveinsan.org\/?sdm_process_download=1&download_id=2057\" class=\"sdm_download grey\" title=\"Issue 9Say\u0131 9\" target=&quot;_blank&quot;>Download Now!<\/a><\/div><\/div>\n<table bgcolor=\"transparent\">\n<tbody>\n<tr>\n<td style=\"border-bottom: 1px dashed gray;\"><\/td>\n<\/tr>\n<\/tbody>\n<\/table>\n<p><\/p>","protected":false},"excerpt":{"rendered":"<p>Y\u0131l 3, Say\u0131 9, Yaz 2016 ISSN: 2148-7537 Makaleler Articles Ebubekir Ayan Osmanl\u0131 D\u00f6neminde Kocaeli Sanayiinin Tarihi Geli\u015fimi ve Osmanl\u0131\u2019da Sanayile\u015fme \u00c7abalar\u0131n\u0131n Analizi Historical Development of Kocaeli Industry in the Ottoman Period and An Analysis of the Ottoman Industrialization Efforts 5 Filiz Aydo\u011fan Boschele \/ Aysel Ay \u00c7okk\u00fclt\u00fcrl\u00fcl\u00fck Ba\u011flam\u0131nda T\u00fcrkiye\u2019de \u00c7okk\u00fclt\u00fcrc\u00fc Medya ve TRT K\u00fcrdi &hellip; <a href=\"https:\/\/www.insanveinsan.org\/en\/sayi-9-yaz-2016\/\" class=\"more-link\">Continue reading <span class=\"screen-reader-text\">Issue 9, Summer 2016<\/span><\/a><\/p>\n","protected":false},"author":2,"featured_media":0,"parent":0,"menu_order":0,"comment_status":"closed","ping_status":"closed","template":"","meta":{"footnotes":""},"class_list":["post-1631","page","type-page","status-publish","hentry"],"_links":{"self":[{"href":"https:\/\/www.insanveinsan.org\/en\/wp-json\/wp\/v2\/pages\/1631","targetHints":{"allow":["GET"]}}],"collection":[{"href":"https:\/\/www.insanveinsan.org\/en\/wp-json\/wp\/v2\/pages"}],"about":[{"href":"https:\/\/www.insanveinsan.org\/en\/wp-json\/wp\/v2\/types\/page"}],"author":[{"embeddable":true,"href":"https:\/\/www.insanveinsan.org\/en\/wp-json\/wp\/v2\/users\/2"}],"replies":[{"embeddable":true,"href":"https:\/\/www.insanveinsan.org\/en\/wp-json\/wp\/v2\/comments?post=1631"}],"version-history":[{"count":0,"href":"https:\/\/www.insanveinsan.org\/en\/wp-json\/wp\/v2\/pages\/1631\/revisions"}],"wp:attachment":[{"href":"https:\/\/www.insanveinsan.org\/en\/wp-json\/wp\/v2\/media?parent=1631"}],"curies":[{"name":"wp","href":"https:\/\/api.w.org\/{rel}","templated":true}]}}

<p></p>
<table bgcolor="transparent">
<tbody>
<tr>
<td style="border-bottom: 1px dashed gray;"><span style="color: default; font: 15px Trajan pro,arial,sans-serift;">Yıl 3, Sayı 9, Yaz 2016</span></td>
<td style="text-align: right; border-bottom: 1px dashed gray; margin-top: -4%; margin-bottom: -0.8%;">ISSN: 2148-7537</td>
</tr>
</tbody>
</table>
<table bgcolor="transparent">
<tbody>
<tr>
<td width="85%"><span style="color: default; font: 15px Trajan pro,arial,sans-serift;">Makaleler<br />
Articles</span></td>
<td width="15%"></td>
</tr>
<tr>
<td width="85%"><span style="color: default; font: 17px Trajan pro,arial,sans-serift;"> Ebubekir Ayan </span></p>
<p><a title="Osmanlı Döneminde Kocaeli Sanayiinin Tarihi Gelişimi ve Osmanlı’da Sanayileşme Çabalarının Analizi" href="http://insanveinsan.org/osmanli-doneminde-kocaeli-sanayiinin-tarihi-gelisimi-ve-osmanlida-sanayilesme-cabalarinin-analizi/"><span style="text-decoration: none; font: italic 17px minion pro,arial,sans-serif;">Osmanlı Döneminde Kocaeli Sanayiinin Tarihi Gelişimi ve Osmanlı’da Sanayileşme Çabalarının Analizi</span></a></p>
<p><a title="Historical Development of Kocaeli Industry in the Ottoman Period and An Analysis of the Ottoman Industrialization Efforts" href="http://insanveinsan.org/en/osmanli-doneminde-kocaeli-sanayiinin-tarihi-gelisimi-ve-osmanlida-sanayilesme-cabalarinin-analizi/"> <span style="text-decoration: none; font-variant: normal; font-weight: normal; font-stretch: normal; font-size: 17px; line-height: normal; font-family: 'minion pro', arial, sans-serif;">Historical Development of Kocaeli Industry in the Ottoman Period and An Analysis of the Ottoman Industrialization Efforts</span></a></td>
<td style="text-align: right; vertical-align: middle;" bgcolor="transparent"><a title="Historical Development of Kocaeli Industry in the Ottoman Period and An Analysis of the Ottoman Industrialization Efforts" href="http://insanveinsan.org/en/osmanli-doneminde-kocaeli-sanayiinin-tarihi-gelisimi-ve-osmanlida-sanayilesme-cabalarinin-analizi/"><span style="color: default; font: 38px Trajan pro,arial,sans-serift;">5</span></a></td>
</tr>
<tr>
<td bgcolor="transparent" width="85%"><span style="color: default; font: 17px Trajan pro,arial,sans-serift;"> Filiz Aydoğan Boschele / Aysel Ay </span></p>
<p><a title="Çokkültürlülük Bağlamında Türkiye’de Çokkültürcü Medya ve TRT Kürdi" href="http://insanveinsan.org/cokkulturluluk-baglaminda-turkiyede-cokkulturcu-medya-ve-trt-kurdi"><span style="text-decoration: none; font: italic 17px minion pro,arial,sans-serif;">Çokkültürlülük Bağlamında Türkiye’de Çokkültürcü Medya ve TRT Kürdi</span></a></p>
<p><a title="Multiculturalist Media and TRT Kurdi in Turkey in the Contex of Multiculturalism" href="http://insanveinsan.org/en/cokkulturluluk-baglaminda-turkiyede-cokkulturcu-medya-ve-trt-kurdi"> <span style="text-decoration: none; font-variant: normal; font-weight: normal; font-stretch: normal; font-size: 17px; line-height: normal; font-family: 'minion pro', arial, sans-serif;">Multiculturalist Media and TRT Kurdi in Turkey in the Contex of Multiculturalism</span></a></td>
<td style="text-align: right; vertical-align: middle;" bgcolor="transparent"><a title="Multiculturalist Media and TRT Kurdi in Turkey in the Contex of Multiculturalism" href="http://insanveinsan.org/en/cokkulturluluk-baglaminda-turkiyede-cokkulturcu-medya-ve-trt-kurdi"><span style="color: default; font: 38px Trajan pro,arial,sans-serift;">36</span></a></td>
</tr>
<tr>
<td bgcolor="transparent" width="85%"><span style="color: default; font: 17px Trajan pro,arial,sans-serift;">Mehmet Büyükafşar</span></p>
<p><a title="Türk Spor Basınında Cinsiyet Ayrımcılığı: Fotomaç ve Fanatik Gazeteleri Örneği" href="http://insanveinsan.org/turk-spor-basininda-cinsiyet-ayrimciligi-fotomac-ve-fanatik-gazeteleri-ornegi/"><span style="text-decoration: none; font: italic 17px minion pro,arial,sans-serif;">Türk Spor Basınında Cinsiyet Ayrımcılığı: Fotomaç ve Fanatik Gazeteleri Örneği</span></a></p>
<p><a title="Gender Discrimination in Turkish Sport Press: A Case Study on Fotomaç and Fanatik Newspapers" href="http://insanveinsan.org/en/turk-spor-basininda-cinsiyet-ayrimciligi-fotomac-ve-fanatik-gazeteleri-ornegi/"> <span style="text-decoration: none; font-variant: normal; font-weight: normal; font-stretch: normal; font-size: 17px; line-height: normal; font-family: 'minion pro', arial, sans-serif;">Gender Discrimination in Turkish Sport Press: A Case Study on Fotomaç and Fanatik Newspapers</span></a></td>
<td style="text-align: right; vertical-align: middle;" bgcolor="transparent"><a title="Gender Discrimination in Turkish Sport Press: A Case Study on Fotomaç and Fanatik Newspapers" href="http://insanveinsan.org/en/turk-spor-basininda-cinsiyet-ayrimciligi-fotomac-ve-fanatik-gazeteleri-ornegi/"><span style="color: default; font: 38px Trajan pro,arial,sans-serift;">53</span></a></td>
</tr>
<tr>
<td bgcolor="transparent" width="85%"><span style="color: default; font: 17px Trajan pro,arial,sans-serift;">Olkan Senemoğlu</span></p>
<p><a title="Machiavelli’den Hobbes’a Rönesans Dönemi Siyaset Teorisinde İnsan Doğası ve Toplum Anlayışı" href="http://insanveinsan.org/machiavelliden-hobbesa-ronesans-donemi-siyaset-teorisinde-insan-dogasi-ve-toplum-anlayisi/"><span style="text-decoration: none; font: italic 17px minion pro,arial,sans-serif;">Machiavelli’den Hobbes’a Rönesans Dönemi Siyaset Teorisinde İnsan Doğası ve Toplum Anlayışı</span></a></p>
<p><a title="The Human Nature and the Notion of Society in Renaissance Political Theory: From Machiavelli to Hobbes" href="http://insanveinsan.org/en/machiavelliden-hobbesa-ronesans-donemi-siyaset-teorisinde-insan-dogasi-ve-toplum-anlayisi/"> <span style="text-decoration: none; font-variant: normal; font-weight: normal; font-stretch: normal; font-size: 17px; line-height: normal; font-family: 'minion pro', arial, sans-serif;">The Human Nature and the Notion of Society in Renaissance Political Theory: From Machiavelli to Hobbes</span></a></td>
<td style="text-align: right; vertical-align: middle;" bgcolor="transparent"><a title="The Human Nature and the Notion of Society in Renaissance Political Theory: From Machiavelli to Hobbes" href="http://insanveinsan.org/en/machiavelliden-hobbesa-ronesans-donemi-siyaset-teorisinde-insan-dogasi-ve-toplum-anlayisi/"><span style="color: default; font: 38px Trajan pro,arial,sans-serift;">77</span></a></td>
</tr>
</tbody>
</table>
<table bgcolor="transparent">
<tbody>
<tr>
<td style="border-bottom: 1px dashed gray;"></td>
</tr>
</tbody>
</table>
<p><img loading="lazy" decoding="async" class="alignnone wp-image-119 size-full" src="../wp-content/uploads/pdf-e1407190133528.png" alt="" width="50" height="50" /><br />
<span style="text-decoration: none; font-variant: normal; font-weight: normal; font-stretch: normal; font-size: 15px; line-height: normal; font-family: 'minion pro', arial, sans-serif;">Year 3, Issue 9, Summer 2016<br />
Tam metin / Full text</span></p>
<p><span style="text-decoration: none; font-variant: normal; font-weight: normal; font-stretch: normal; font-size: 15px; line-height: normal; font-family: 'minion pro', arial, sans-serif;"><a rel="license" href="http://creativecommons.org/licenses/by-nc/4.0/"><img decoding="async" alt="Creative Commons License" style="border-width:0" src="https://i.creativecommons.org/l/by-nc/4.0/80x15.png" /></a><br />This work is licensed under a <a rel="license" href="http://creativecommons.org/licenses/by-nc/4.0/">Creative Commons Attribution-NonCommercial 4.0 International License</a>.</span></p>
<div style="width: 240px;">
 <span style="text-decoration: none; font-variant: normal; font-weight: normal; font-stretch: normal; font-size: 15px; line-height: normal; font-family: 'minion pro', arial, sans-serif;"></p>
<div style="float: left; width: 20px;"><i class="fa fa-eye" aria-hidden="true"></i></span></div>
<p> <span style="text-decoration: none; font-variant: normal; font-weight: normal; font-stretch: normal; font-size: 15px; line-height: normal; font-family: 'minion pro', arial, sans-serif;"></p>
<div style="float: left; width: 50px;">[post-views]</div>
<p></span></p>
<div style="float: left; width: 20px;"><i class="fa fa-download" aria-hidden="true"></i></div>
<div style="float: left; width: 150px;"><span style="text-decoration: none; font-variant: normal; font-weight: normal; font-stretch: normal; font-size: 15px; line-height: normal; font-family: 'minion pro', arial, sans-serif;"><div class="sdm_download_count"><span class="sdm_count_number">843</span><span class="sdm_count_string"> Downloads</span></div></span></div>
<p> <br style="clear: left;" />
</div>
<div class="sdm_download_button_box_default"><div class="sdm_download_link"><a href="https://www.insanveinsan.org/?sdm_process_download=1&download_id=2057" class="sdm_download grey" title="Issue 9Sayı 9" target=&quot;_blank&quot;>Download Now!</a></div></div>
<table bgcolor="transparent">
<tbody>
<tr>
<td style="border-bottom: 1px dashed gray;"></td>
</tr>
</tbody>
</table>
<p></p>

<p>Yıl 3, Sayı 9, Yaz 2016 ISSN: 2148-7537 Makaleler Articles Ebubekir Ayan Osmanlı Döneminde Kocaeli Sanayiinin Tarihi Gelişimi ve Osmanlı’da Sanayileşme Çabalarının Analizi Historical Development of Kocaeli Industry in the Ottoman Period and An Analysis of the Ottoman Industrialization Efforts 5 Filiz Aydoğan Boschele / Aysel Ay Çokkültürlülük Bağlamında Türkiye’de Çokkültürcü Medya ve TRT Kürdi &hellip; <a href="https://www.insanveinsan.org/en/sayi-9-yaz-2016/" class="more-link">Continue reading <span class="screen-reader-text">Issue 9, Summer 2016</span></a></p>
